 7, what is 52366 + 2650?
55346
In base 13, what is -1875 + 22881?
21009
In base 15, what is -250522 + 5?
-25051c
In base 11, what is 4 - -160239?
160242
In base 14, what is -349924 + 21?
-349903
In base 15, what is 4c8 + e2195?
e266d
In base 6, what is 405 + 12250304?
12251113
In base 8, what is 3 - -626064504?
626064507
In base 5, what is -3430 + 4322?
342
In base 6, what is -1211 + 1031?
-140
In base 13, what is 265b147 - -4?
265b14b
In base 5, what is 3413302224 + -143?
3413302031
In base 8, what is -36 - -12404?
12346
In base 5, what is -10 + -223440120310?
-223440120320
In base 12, what is 16101 - -84?
16185
In base 8, what is 1244405 + 502?
1245107
In base 8, what is -603031 - 34?
-603065
In base 5, what is -203 + -2204100?
-2204303
In base 8, what is 0 + -6354545?
-6354545
In base 3, what is 12212 + -12212102001?
-12212012012
In base 12, what is -188b - -3406?
1737
In base 3, what is -1211211111 - 21012221?
-2010001102
In base 10, what is -201498 - 247?
-201745
In base 9, what is 1446 + -1173828?
-1172372
In base 12, what is -40a41 + -5b4?
-41435
In base 9, what is -2 + -43015567?
-43015570
In base 8, what is -32377 - 1525?
-34124
In base 2, what is 10 + 11001111101111111000011101?
11001111101111111000011111
In base 11, what is -23157 + 53?
-23104
In base 3, what is -2 + 22022120011?
22022120002
In base 11, what is 17676085 - -1?
17676086
In base 11, what is 4 + 41a1365?
41a1369
In base 15, what is -64345 - -742?
-63b03
In base 16, what is -4e0 + -520b7?
-52597
In base 3, what is -1102 - 212020210012?
-212020211121
In base 9, what is 652 - -5178?
5841
In base 13, what is -1373405 + -4?
-1373409
In base 11, what is -261 - 8893?
-9044
In base 9, what is 330014 - 53?
328851
In base 13, what is 8 - 57743b?
-577433
In base 2, what is 1111 - 101011110111010100101000?
-101011110111010100011001
In base 4, what is -22011 - 103010320?
-103032331
In base 11, what is -25190a7 + -122?
-2519219
In base 15, what is -245 + -228b?
-24d1
In base 12, what is -1a72a68 + -1?
-1a72a69
In base 4, what is 3020232 + 123330?
3210222
In base 8, what is -25 - 10356143?
-10356170
In base 10, what is 3 + -65102011?
-65102008
In base 5, what is 202340442324 - -14?
202340442343
In base 11, what is -4664a + -1405?
-47a54
In base 9, what is 76025 + -140?
75775
In base 13, what is 25b + -11068a?
-11042c
In base 14, what is -65c - -d2b2c?
d24b0
In base 14, what is -223 + -404c?
-4271
In base 13, what is -10671 - -5696?
-7ca8
In base 6, what is 0 - 403103200?
-403103200
In base 5, what is -2 - -4414203310?
4414203303
In base 10, what is 5 - -4044600?
4044605
In base 14, what is -ba66 - d1?
-bb57
In base 13, what is 2c68b78 + -3?
2c68b75
In base 5, what is -3 + -1414134313?
-1414134321
In base 11, what is -21 + -1518621?
-1518642
In base 5, what is 100300 + -1330?
43420
In base 3, what is -21222112 - 200102?
-22122221
In base 5, what is 4332024 - -1400?
4333424
In base 11, what is -7 - 345a833?
-345a83a
In base 15, what is -483a1306 - -5?
-483a1301
In base 2, what is 10010 + -1011101111010100011111?
-1011101111010100001101
In base 9, what is -10026 - 3006?
-13033
In base 7, what is -641530 - -2523?
-636004
In base 3, what is 0 + -210010100220112222?
-210010100220112222
In base 5, what is -313321122 - -12?
-313321110
In base 9, what is -103 + -1620624?
-1620727
In base 10, what is 14610 + 314?
14924
In base 2, what is -10011111 + 11001100001110?
11001001101111
In base 8, what is 4377113631 - 2?
4377113627
In base 9, what is -25422 - -110?
-25312
In base 12, what is 9707 + 8?
9713
In base 6, what is -205441 - 1212?
-211053
In base 14, what is 899b8 + bd?
89a97
In base 3, what is -1102200010 + 1?
-1102200002
In base 12, what is -10ab1 + 869?
-10244
In base 13, what is -c + 435c45?
435c36
In base 2, what is -100010110 - 111111010100010000011?
-111111010100110011001
In base 7, what is 45114 + 4506?
52623
In base 13, what is 2 + 3a6660a?
3a6660c
In base 8, what is 115366121 + 0?
115366121
In base 7, what is -15544 + 152665?
134121
In base 6, what is -5 + 12235012?
12235003
In base 15, what is -108614 + 5?
-10860e
In base 10, what is -9547 + -712?
-10259
In base 5, what is 240 + -2343210?
-2342420
In base 6, what is 103122432 + -241?
103122151
In base 10, what is 14128 - 14595?
-467
In base 12, what is b702868 - 1?
b702867
In base 5, what is 1 + 202434410?
202434411
In base 3, what is -111102 + 11201201102212?
11201200221110
In base 16, what is 4 + -115817?
-115813
In base 10, what is -17 - 62453993?
-62454010
In base 15, what is 3 + -265018?
-265015
In base 11, what is -2 - -109916?
109914
In base 15, what is -c0 + 623a?
616a
In base 6, what is -101002335 + -25?
-101002404
In base 15, what is -165be7 - -e6?
-165b01
In base 14, what is 19507 + -8?
194dd
In base 6, what is -3121 + -344100?
-351221
In base 7, what is -5 - 605505240?
-605505245
In base 9, what is -3 - -10676253?
10676250
In base 13, what is 32 - a8b72?
-a8b40
In base 2, what is -10111011010011001 + 1000101111?
-10111010001101010
In base 5, what is 12402134230 - -10?
12402134240
In base 11, what is 73 + 149a8?
14a70
In base 15, what is 137b008 - 3?
137b005
In base 4, what is 303112112 - 1121?
303110331
In base 14, what is -2 + -4d31b2?
-4d31b4
In base 6, what is -2 + 40121534023?
40121534021
In base 16, what is 64d081 - 3?
64d07e
In base 14, what is 1 - 2852021?
-2852020
In base 8, what is 117317 - 16113?
101204
In base 16, what is -2f0 - 6280?
-6570
In base 5, what is 0 + 1243344043?
1243344043
In base 5, what is 140102230 - 2?
140102223
In base 6, what is 551 - 432443?
-431452
In base 7, what is -146 - -1010615?
1010436
In base 9, what is -253 - 18328?
-18582
In base 2, what is 11001001001100101000 + 1101000?
11001001001110010000
In base 10, what is -36 + -395924?
-395960
In base 2, what is -10001 + -111110111111001010111?
-111110111111001101000
In base 14, what is -285 - 1975c?
-19a03
In base 13, what is 48705909 + -5?
48705904
In base 12, what is -37766 - 8?
-37772
In base 15, what is -15caa4 + -1d?
-15cac2
In base 16, what is 69f02a8 + -5?
69f02a3
In base 2, what is -1000001 - 10010011110111010010101?
-10010011110111011010110
In base 3, what is 1221212202212 + -11?
1221212202201
In base 7, what is -10 - -25241330?
25241320
In base 14, what is -152550 - 0?
-152550
In base 10, what is 4715109 - -2?
4715111
In base 13, what is -a55c17 + 4?
-a55c13
In base 9, what is 2332414 - 13?
2332401
In base 12, what is -1906 - -5ab?
-1317
In base 9, what is 7 - 534720?
-534712
In base 4, what is -110 - -33013011321?
33013011211
In base 4, what is 13 + 101032022113?
101032022132
In base 11, what is 2394526 - a?
2394517
In base 5, what is -3 + -41122213?
-41122221
In base 9, what is -10 + -63410652?
-63410662
In base 6, what is -2415304 + 303?
-2415001
In base 14, what is -2423a18 + 5?
-2423a13
In base 3, what is 22112 - -110110012120?
110110112002
In base 3, what is 1002112001112 + 121001?
1002112122120
In base 10, what is 41747 + 768?
42515
In base 12, what is 1b2204 - 1?
1b2203
In base 13, what is -6292 - 1250?
-7512
In base 12, what is -1823ba1 - 10?
-1823bb1
In base 7, what is 252120 - 2546?
246241
In base 15, what is 145ad34a - 5?
145ad345
In base 4, what is -211 + 1220001331?
1220001120
In base 3, what is -202102000 - 11100?
-202120100
In base 12, what is -26 - -189363?
189339
In base 14, what is 3b0695 + -12?
3b0683
In base 15, what is 124796 - -7e?
124825
In base 12, what is 1971a + -50?
1968a
In base 14, what is 12 + -d48542?
-d48530
In base 12, what is 46 + 43328a?
433314
In base 7, what is 413060 + 12023?
425113
In base 5, what is -312 - 130211431?
-130212243
In base 2, what is 100010111011011111001001 + -1010?
100010111011011110111111
In base 3, what is 1201011200000 - 21021?
1201011101202
In base 14, what is 2a56a54 - -2?
2a56a56
In base 8, what is 3 + 10655163?
10655166
In base 14, what is -17c - -9a72?
98d4
In base 7, what is -16532434 + -3?
-16532440
In base 16, what is 369 + -fb0d?
-f7a4
In base 7, what is -16 - -51542365?
51542346
In base 4, what is -3202300310200 - -11?
-3202300310123
In base 10, what is 107500253 + -5?
107500248
In base 6, what is 15 + -11040151?
-11040132
In base 14, what is 3 - -72664?
72667
In base 6, what is 0 + 130220022?
130220022
In base 15, what is -3ea92 + 245?
-3e84c
In base 7